24
144543 (base 7) to base 14
a323
What is 100001001110000 (base 2) in base 3?
212022221
What is 3032 (base 5) in base 14?
200
5765 (base 10) to base 2
1011010000101
-12022 (base 5) to base 4
-31313
-11010111001 (base 2) to base 10
-1721
What is -254 (base 11) in base 10?
-301
-133010 (base 4) to base 8
-3704
Convert -52b (base 15) to base 14.
-5d4
Convert -52164 (base 8) to base 7.
-120014
Convert 33301 (base 4) to base 6.
4401
-8234 (base 11) to base 3
-112222201
Convert 413012 (base 5) to base 14.
4ccb
507 (base 13) to base 14
44c
-16741 (base 12) to base 4
-13312201
-2212404 (base 5) to base 15
-b604
-276 (base 12) to base 11
-314
Convert 3517 (base 9) to base 14.
d44
Convert -11110110100 (base 2) to base 7.
-5515
-4c5 (base 14) to base 15
-43c
What is -25990 (base 10) in base 12?
-1305a
What is -a06 (base 12) in base 2?
-10110100110
Convert 3c4c (base 13) to base 7.
34213
Convert -111000111110 (base 2) to base 16.
-e3e
What is 3041 (base 5) in base 2?
110001100
What is 100101100 (base 2) in base 6?
1220
What is -1000 (base 3) in base 4?
-123
What is -ca3 (base 15) in base 14?
-107b
What is 4346 (base 10) in base 4?
1003322
What is -1147 (base 9) in base 5?
-11403
51b0 (base 12) to base 14
336c
112022000 (base 3) to base 2
10100010110110
Convert 143114 (base 5) to base 15.
1bc4
-1301312 (base 5) to base 8
-61167
Convert 10023 (base 4) to base 14.
151
Convert 4690 (base 10) to base 14.
19d0
202001 (base 5) to base 6
50033
Convert -3826 (base 11) to base 8.
-11575
Convert -15817 (base 10) to base 11.
-1097a
Convert 1b210 (base 12) to base 5.
2240134
What is 12553 (base 6) in base 12?
1159
1101120022 (base 3) to base 15
81ab
Convert -17168 (base 11) to base 10.
-24153
Convert -3520 (base 7) to base 10.
-1288
What is 1287 (base 14) in base 12?
1a73
What is -c354 (base 13) in base 9?
-40853
133020 (base 4) to base 2
11111001000
Convert -1768 (base 11) to base 4.
-203030
Convert 21 (base 12) to base 6.
41
-11100110110 (base 2) to base 7
-5245
Convert -7d22 (base 15) to base 5.
-1322312
-93 (base 14) to base 4
-2001
Convert -1305 (base 6) to base 9.
-405
What is -772 (base 11) in base 7?
-2462
Convert -1213 (base 4) to base 10.
-103
What is 102010 (base 3) in base 2?
100101100
What is -10472 (base 10) in base 7?
-42350
977 (base 12) to base 9
1811
-103545 (base 6) to base 7
-34112
15e (base 15) to base 6
1242
Convert 14545 (base 9) to base 8.
23303
What is -25f (base 16) in base 8?
-1137
What is -16fad (base 16) in base 15?
-1cd50
What is 720 (base 13) in base 6?
5333
What is -31330 (base 5) in base 16?
-82a
-3102 (base 7) to base 3
-1111000
12030 (base 4) to base 14
204
Convert -4 (base 7) to base 5.
-4
-12022211 (base 3) to base 5
-111013
12099 (base 10) to base 11
90aa
-30021121 (base 4) to base 12
-24961
Convert -1041102 (base 5) to base 9.
-27057
Convert 3613 (base 7) to base 3.
1211101
Convert 1014 (base 7) to base 16.
162
What is -3040 (base 7) in base 3?
-1110011
112010 (base 3) to base 10
381
Convert bc (base 13) to base 12.
10b
What is -53402 (base 6) in base 10?
-7274
What is -60a8 (base 13) in base 3?
-200021100
Convert 480 (base 10) to base 9.
583
-1507 (base 8) to base 13
-4c7
What is 1101100100010 (base 2) in base 16?
1b22
-749 (base 10) to base 9
-1022
What is c1a4 (base 14) in base 3?
1200122011
5a (base 15) to base 12
71
What is -c3 (base 16) in base 4?
-3003
-4c3 (base 14) to base 6
-4231
What is -12623 (base 7) in base 12?
-1b72
10321231 (base 4) to base 15
5e37
6398 (base 10) to base 12
3852
Convert 5238 (base 12) to base 13.
4112
-526 (base 13) to base 2
-1101101101
Convert -6154 (base 8) to base 9.
-4323
What is -374 (base 14) in base 8?
-1262
-426 (base 16) to base 11
-886
What is -1083 (base 15) in base 10?
-3498
-14430 (base 11) to base 9
-31077
What is -391 (base 16) in base 7?
-2443
What is 7c3 (base 16) in base 14?
a1d
What is -2372 (base 9) in base 16?
-6e6
What is -1036 (base 8) in base 6?
-2302
What is 1689 (base 10) in base 13?
9cc
What is 6ca (base 13) in base 11?
983
Convert 288 (base 10) to base 8.
440
-11200 (base 9) to base 14
-2a04
What is 775 (base 9) in base 10?
635
-14050 (base 8) to base 15
-1c74
Convert 22430 (base 9) to base 10.
14931
-343012 (base 5) to base 3
-121210222
Convert -2331 (base 5) to base 11.
-290
What is -16b (base 15) in base 4?
-11012
5 (base 7) to base 10
5
Convert -44927 (base 10) to base 5.
-2414202
What is -1bc63 (base 13) in base 4?
-31120311
Convert -139 (base 12) to base 2.
-10111101
What is -53777 (base 8) in base 10?
-22527
Convert -42225 (base 6) to base 15.
-1a55
What is 172d4 (base 14) in base 2?
1110001101011010
-10101 (base 3) to base 12
-77
Convert -423 (base 8) to base 6.
-1135
What is -1784 (base 9) in base 4?
-111130
What is -6196 (base 15) in base 5?
-1124431
-1214 (base 7) to base 10
-452
Convert 304b (base 12) to base 2.
1010001111011
-66 (base 8) to base 16
-36
Convert -122012 (base 3) to base 11.
-392
What is 1076 (base 8) in base 15?
284
What is -1213012 (base 4) in base 11?
-4a59
430 (base 5) to base 4
1303
What is 387a (base 14) in base 11?
7498
124d (base 14) to base 16
c85
11000111111 (base 2) to base 13
960
Convert -3bd8 (base 16) to base 5.
-442240
Convert -3593 (base 11) to base 16.
-125c
What is 111112 (base 4) in base 5?
20431
What is 3c (base 16) in base 12?
50
1011111101100110 (base 2) to base 6
1014502
Convert 110100011010111 (base 2) to base 15.
7e44
Convert -11232 (base 6) to base 8.
-3104
What is -12a8 (base 11) in base 8?
-3233
72c (base 13) to base 8
2305
244 (base 15) to base 7
1333
-857 (base 13) to base 8
-2620
Convert -314 (base 11) to base 2.
-101111010
Convert 44243 (base 5) to base 12.
1941
Convert babc (base 13) to base 3.
1022200102
What is -1344320 (base 5) in base 15?
-84c5
Convert -6857 (base 9) to base 10.
-5074
Convert -67111 (base 8) to base 11.
-1a237
Convert 28 (base 16) to base 3.
1111
Convert -243411 (base 5) to base 9.
-13586
-1885 (base 11) to base 15
-a97
What is 2c36 (base 14) in base 2?
1111011010000
What is 32173 (base 9) in base 13?
98c7
-33231033 (base 4) to base 5
-4024320
What is 654 (base 9) in base 10?
535
-717 (base 10) to base 7
-2043
What is -49a (base 11) in base 16?
-251
2a1a9 (base 13) to base 14
20d16
Convert -25694 (base 11) to base 14.
-d582
What is 1220221 (base 4) in base 8?
15051
Convert 10121 (base 5) to base 7.
1633
Convert -4223 (base 12) to base 9.
-10820
-2111 (base 3) to base 15
-47
-13031 (base 4) to base 3
-122002
What is 10665 (base 14) in base 16?
9b01
What is 2503 (base 10) in base 9?
3381
12e (base 15) to base 6
1125
5094 (base 14) to base 3
200222222
b73 (base 12) to base 8
3207
What is 530 (base 7) in base 5?
2031
Convert 1314 (base 11) to base 12.
ba5
What is -11aa4 (base 11) in base 13?
-7b46
What is -ef (base 16) in base 6?
-1035
What is -1011021212 (base 3) in base 8?
-54433
70a (base 12) to base 14
52a
299 (base 10) to base 16
12b
11122112201 (base 3) to base 2
10110010110000010
Convert -112233 (base 6) to base 7.
-36660
8457 (base 13) to base 16
4794
Convert -1034324 (base 5) to base 12.
-a575
What is -244263 (base 7) in base 10?
-44733
Convert 112221012 (base 3) to base 15.
335b
Convert 28a4 (base 15) to base 10.
8704
What is -47d (base 16) in base 13?
-6a5
What is 2225 (base 7) in base 15?
388
7713 (base 9) to base 6
42150
11d (base 14) to base 6
1011
Convert 11000100 (base 2) to base 14.
100
32010 (base 8) to base 5
411240
10000011010 (base 2) to base 4
100122
-19d8 (base 16) to base 13
-301c
What is 413 (base 14) in base 6?
3413
Convert 12323 (base 6) to base 12.
10a3
What is 770 (base 11) in base 7?
2460
Convert -5541 (base 7) to base 10.
-1989
Convert -1341 (base 11) to base 3.
-2101102
What is -645 (base 9) in base 4?
-20033
What is -22214 (base 5) in base 14?
-7d5
What is 1122 (base 7) in base 3?
120010
-717 (base 9) to base 3
-210121
Convert 1200103 (base 4) to base 9.
8407
What is -497 (base 10) in base 14?
-277
What is -2ac8 (base 13) in base 14?
-23c4
What is -340 (base 16) in base 7?
-2266
What is -200221 (base 3) in base 4?
-13333
What is -488 (base 12) in base 13?
-404
1bb (base 13) to base 11
274
27424 (base 11) to base 12
1a771
Convert 1306 (base 11) to base 10.
1700
What is -10101111101110 (base 2) in base 3?
-120102112
What is -23413 (base 5) in base 12?
-1005